 949819 a multiple of 160?
False
Is 5070623 a multiple of 304?
False
Is 57 a factor of 236223?
False
Is 587 a factor of 8203148?
False
Is 236 a factor of 8674580?
False
Is 2905184 a multiple of 11?
False
Is 1875786 a multiple of 22?
True
Does 3 divide 537753?
True
Is 2654400 a multiple of 790?
True
Does 897 divide 9350328?
True
Does 430 divide 474290?
True
Does 5 divide 44106?
False
Is 99101 a multiple of 13?
False
Is 406 a factor of 552566?
True
Does 13 divide 4983940?
True
Is 198 a factor of 72864?
True
Is 90 a factor of 325191?
False
Is 525834 a multiple of 572?
False
Does 105 divide 168420?
True
Is 1287936 a multiple of 48?
True
Does 15 divide 8749035?
True
Is 1953324 a multiple of 12?
True
Is 3809682 a multiple of 18?
True
Is 336 a factor of 2629872?
True
Is 14 a factor of 7482790?
True
Does 21 divide 123898?
False
Does 2 divide 22684?
True
Is 162316 a multiple of 476?
True
Does 89 divide 24466100?
True
Is 110 a factor of 2368202?
False
Is 347 a factor of 672482?
False
Is 623168 a multiple of 214?
True
Does 10 divide 314700?
True
Is 32 a factor of 2145661?
False
Is 12 a factor of 208044?
True
Does 13 divide 3972306?
True
Does 87 divide 182091?
True
Does 139 divide 73129?
False
Does 23 divide 1761018?
True
Does 89 divide 630138?
False
Is 3322728 a multiple of 404?
False
Is 753 a factor of 627668?
False
Does 19 divide 7703056?
True
Is 271 a factor of 152302?
True
Does 9 divide 79617?
False
Does 18 divide 579096?
True
Is 3175 a multiple of 8?
False
Does 202 divide 39390?
True
Is 21 a factor of 680397?
False
Is 4717670 a multiple of 260?
False
Is 4494752 a multiple of 46?
True
Is 325 a factor of 221975?
True
Is 10 a factor of 147630?
True
Does 1306 divide 21525492?
True
Does 20 divide 1167772?
False
Is 156 a factor of 2495532?
True
Is 231445 a multiple of 41?
True
Is 12 a factor of 21775?
False
Is 841932 a multiple of 91?
True
Is 1140 a factor of 3079641?
False
Is 674575 a multiple of 108?
False
Is 30 a factor of 79583?
False
Is 778 a factor of 2765217?
False
Is 539 a factor of 1130822?
True
Is 96 a factor of 137760?
True
Does 293 divide 589783?
False
Is 15 a factor of 9731?
False
Is 73109 a multiple of 78?
False
Is 71 a factor of 183606?
True
Is 173128 a multiple of 67?
True
Does 254 divide 386753?
False
Is 115731 a multiple of 11?
True
Is 2642102 a multiple of 38?
True
Is 533925 a multiple of 225?
True
Is 11868 a multiple of 69?
True
Is 2853734 a multiple of 227?
False
Is 968748 a multiple of 33?
True
Does 528 divide 1286208?
True
Is 31950 a multiple of 213?
True
Is 4765 a multiple of 68?
False
Is 454864 a multiple of 16?
True
Is 7 a factor of 3547964?
True
Is 38 a factor of 61978?
True
Does 175 divide 5265225?
True
Is 12231010 a multiple of 73?
False
Is 14 a factor of 517468?
True
Does 7 divide 5802993?
True
Is 414392 a multiple of 96?
False
Does 66 divide 5782411?
False
Is 68836 a multiple of 25?
False
Does 16 divide 57008?
True
Does 56 divide 7341456?
False
Is 152 a factor of 145008?
True
Does 33 divide 26169?
True
Does 84 divide 10501596?
True
Is 57 a factor of 1305684?
False
Does 11 divide 2069793?
True
Does 14 divide 266648?
False
Is 6 a factor of 2741232?
True
Is 4 a factor of 1045394?
False
Is 997750 a multiple of 26?
True
Is 62 a factor of 483460?
False
Does 7 divide 21892?
False
Does 331 divide 179402?
True
Does 21 divide 373900?
False
Is 501 a factor of 441688?
False
Does 19 divide 117211?
True
Is 825 a factor of 8740125?
False
Does 33 divide 173125?
False
Is 288006 a multiple of 46?
True
Does 695 divide 3790530?
True
Is 8 a factor of 309212?
False
Does 165 divide 86460?
True
Does 10 divide 4715317?
False
Does 77 divide 481913?
False
Is 89 a factor of 5420597?
False
Is 428142 a multiple of 13?
True
Is 4855768 a multiple of 433?
False
Is 32 a factor of 33408?
True
Does 325 divide 1360974?
False
Is 176 a factor of 64768?
True
Is 69134 a multiple of 13?
True
Does 56 divide 41006?
False
Is 825 a factor of 604533?
False
Is 14 a factor of 213150?
True
Is 80055 a multiple of 45?
True
Is 665 a factor of 81795?
True
Does 42 divide 16631316?
False
Is 36 a factor of 12600?
True
Does 194 divide 4143064?
True
Is 4217 a multiple of 6?
False
Does 29 divide 142379?
False
Does 63 divide 301140?
True
Is 454 a factor of 177514?
True
Does 25 divide 325150?
True
Is 3837200 a multiple of 200?
True
Does 23 divide 3368239?
False
Is 89443 a multiple of 15?
False
Is 62809 a multiple of 92?
False
Is 4569249 a multiple of 26?
False
Is 22897 even?
False
Is 1070221 a multiple of 43?
False
Is 6546348 a multiple of 155?
False
Is 14350 a multiple of 7?
True
Is 127 a factor of 38354?
True
Is 54 a factor of 149418?
True
Is 22 a factor of 184875?
False
Is 5272544 a multiple of 32?
True
Is 760879 a multiple of 18?
False
Is 147 a factor of 747486?
False
Does 8 divide 387144?
True
Is 4152460 a multiple of 26?
True
Is 571439 a multiple of 47?
False
Is 8 a factor of 111688?
True
Is 16 a factor of 308804?
False
Does 21 divide 567612?
False
Is 206 a factor of 48072?
False
Is 410020 a multiple of 52?
True
Is 5388082 a multiple of 119?
True
Is 80 a factor of 2003380?
False
Is 22097 a multiple of 135?
False
Is 283619 a multiple of 41?
False
Is 49 a factor of 118267?
False
Is 101 a factor of 25101934?
True
Is 4600339 a multiple of 25?
False
Does 182 divide 2595502?
True
Is 1793080 a multiple of 10?
True
Does 571 divide 628671?
True
Does 64 divide 365078?
False
Does 99 divide 70488?
True
Is 987 a factor of 4639887?
True
Does 32 divide 652845?
False
Does 22 divide 189611?
False
Is 56816 a multiple of 55?
False
Does 22 divide 4843705?
False
Does 19 divide 1363446?
False
Does 12 divide 580656?
True
Is 2699384 a multiple of 49?
False
Does 9 divide 40086?
True
Is 24971 a multiple of 123?
False
Is 20459511 a multiple of 2886?
False
Is 414 a factor of 4052646?
True
Is 1124704 a multiple of 16?
True
Does 10 divide 4228684?
False
Is 493788 a multiple of 6?
True
Does 15 divide 2605815?
True
Does 206 divide 438162?
True
Is 134 a factor of 86162?
True
Is 56210 a multiple of 365?
True
Is 1361734 a multiple of 53?
False
Is 134 a factor of 8788390?
True
Is 224 a factor of 1988560?
False
Is 4538240 a multiple of 28?
True
Is 20884 a multiple of 6?
False
Is 543 a factor of 8241111?
True
Is 309 a factor of 259652?
False
Is 571584 a multiple of 192?
True
Is 571974 even?
True
Is 3060502 a multiple of 4?
False
Is 225928 a multiple of 23?
False
Does 15 divide 1969050?
True
Is 89325 a multiple of 9?
True
Is 2777759 a multiple of 8?
False
Is 523 a factor of 334197?
True
Is 21 a factor of 3846906?
True
Is 2164848 a multiple of 14?
True
Is 207 a multiple of 207?
True
Is 95 a factor of 13668193?
False
Is 7 a factor of 172186?
True
Does 27 divide 1591137?
True
Is 9 a factor of 522676?
False
Is 8 a factor of 3559575?
False
Is 187 a factor of 1636281?
False
Does 2 divide 79737?
False
Is 4 a factor of 45625?
False
Is 20 a factor of 122639?
False
Does 990 divide 27362471?
False
Does 18 divide 247734?
True
Does 22 divide 55393?
False
Is 115 a factor of 240925?
True
Does 29 divide 260920?
False
Is 1627 a factor of 12466074?
True
Does 8 divide 3958406?
False
Does 196 divide 28527?
False
Is 34 a factor of 693158?
True
Is 3223 a multiple of 11?
True
Is 111 a factor of 10511288?
False
Does 20 divide 2157011?
False
Does 153 divide 700400?
False
Does 189 divide 140632?
False
Is 6 a factor of 123167?
False
Does 170 divide 15810?
True
Is 1616887 a multiple of 2?
False
Is 16080336 a multiple of 432?
True
Is 334880 a multiple of 8?
True
Is 11495074 a multiple of 13?
False
Is 47 a factor of 13296582?
True
Does 7 divide 165543?
True
Does 65 divide 236610?
False
Is 28464 a multiple of 10?
False
Is 2295360 a multiple of 576?
True
Is 11 a factor of 344344?
True
Is 1163675 a multiple of 5?
True
Is 919355 a multiple of 19?
False
Is 1908555 a multiple of 43?
True
Is 59 a factor of 806884?
True
Is 215702 a multiple of 323?
False
Is 28241 a multiple of 4?
False
Does 154 divide 159885?
False
Is 151 a factor of 14512365?
False
Is 263296 a multiple of 17?
True
Does 19 divide 14787434?
True
Is 727852 a multiple of 628?
True
Does 28 divide 680430?
False
Is 888688 a multiple of 14?
False
Does 313 divide 1044884?
False
Is 4173093 a multiple of 252?
False
Does 18 divide 4623469?
False
Is 594 a factor of 2252502?
False
Is 661375 a mul